{"id":3281,"date":"2022-05-15T18:14:46","date_gmt":"2022-05-15T16:14:46","guid":{"rendered":"https:\/\/demo.pro.radio\/wp6\/podcast\/summer-festival-podcast\/"},"modified":"2022-06-19T08:42:42","modified_gmt":"2022-06-19T06:42:42","slug":"no-war","status":"publish","type":"podcast","link":"https:\/\/radio8.live\/?podcast=no-war","title":{"rendered":"No WAR"},"content":{"rendered":"<p>Questo Podcast vuole dire no alla guerra con eleganza e saggezza, al di l\u00e0 di ogni motivazione che i media propinano, le parole di Flavia Messina toccano il senso delle cose e la sua sostanza al di l\u00e0 di ogni dubbio, il podcast concettualmente non mette musiche, perch\u00e8 ci sono gi\u00e0 le bombe che suonano il loro fare.<\/p>\n","protected":false},"author":1,"featured_media":7311,"template":"","tags":[],"podcastfilter":[127],"class_list":["post-3281","podcast","type-podcast","status-publish","has-post-thumbnail","hentry","podcastfilter-no-war"],"_links":{"self":[{"href":"https:\/\/radio8.live\/index.php?rest_route=\/wp\/v2\/podcast\/3281","targetHints":{"allow":["GET"]}}],"collection":[{"href":"https:\/\/radio8.live\/index.php?rest_route=\/wp\/v2\/podcast"}],"about":[{"href":"https:\/\/radio8.live\/index.php?rest_route=\/wp\/v2\/types\/podcast"}],"author":[{"embeddable":true,"href":"https:\/\/radio8.live\/index.php?rest_route=\/wp\/v2\/users\/1"}],"wp:featuredmedia":[{"embeddable":true,"href":"https:\/\/radio8.live\/index.php?rest_route=\/wp\/v2\/media\/7311"}],"wp:attachment":[{"href":"https:\/\/radio8.live\/index.php?rest_route=%2Fwp%2Fv2%2Fmedia&parent=3281"}],"wp:term":[{"taxonomy":"post_tag","embeddable":true,"href":"https:\/\/radio8.live\/index.php?rest_route=%2Fwp%2Fv2%2Ftags&post=3281"},{"taxonomy":"podcastfilter","embeddable":true,"href":"https:\/\/radio8.live\/index.php?rest_route=%2Fwp%2Fv2%2Fpodcastfilter&post=3281"}],"curies":[{"name":"wp","href":"https:\/\/api.w.org\/{rel}","templated":true}]}}

<p>Questo Podcast vuole dire no alla guerra con eleganza e saggezza, al di là di ogni motivazione che i media propinano, le parole di Flavia Messina toccano il senso delle cose e la sua sostanza al di là di ogni dubbio, il podcast concettualmente non mette musiche, perchè ci sono già le bombe che suonano il loro fare.</p>
