{"id":2176,"date":"2022-04-15T14:34:27","date_gmt":"2022-04-15T12:34:27","guid":{"rendered":"https:\/\/demo.pro.radio\/wp6\/members\/tammy-curezd\/"},"modified":"2022-06-18T12:39:45","modified_gmt":"2022-06-18T10:39:45","slug":"stefano-landi","status":"publish","type":"members","link":"https:\/\/radio8.live\/?members=stefano-landi","title":{"rendered":"Stefano Landi"},"content":{"rendered":"<p>Mi chiamo Stefano Landi, lavoro nel campo del design e dell&#8217;architettura, ma ahime hanno ridotto quest&#8217;ultima a pagine di modulistica e contabilit\u00e0, amo tutte le forme d&#8217;arte e tra queste la musica, nel senso pi\u00f9 amplio delle cose, non mi focalizzo mai in eccessive specializzazioni perch\u00e8 ci trovo il fare metodico della roboticit\u00e0 delle cose che abbinato alla routine per me pu\u00f2 diventare una terribile arma.<\/p>\n<h1>La musica \u00e8 libert\u00e0 di pensiero e parola<\/h1>\n","protected":false},"featured_media":7007,"menu_order":0,"template":"","class_list":["post-2176","members","type-members","status-publish","has-post-thumbnail","hentry","membertype-speaker"],"_links":{"self":[{"href":"https:\/\/radio8.live\/index.php?rest_route=\/wp\/v2\/members\/2176","targetHints":{"allow":["GET"]}}],"collection":[{"href":"https:\/\/radio8.live\/index.php?rest_route=\/wp\/v2\/members"}],"about":[{"href":"https:\/\/radio8.live\/index.php?rest_route=\/wp\/v2\/types\/members"}],"version-history":[{"count":2,"href":"https:\/\/radio8.live\/index.php?rest_route=\/wp\/v2\/members\/2176\/revisions"}],"predecessor-version":[{"id":7008,"href":"https:\/\/radio8.live\/index.php?rest_route=\/wp\/v2\/members\/2176\/revisions\/7008"}],"wp:featuredmedia":[{"embeddable":true,"href":"https:\/\/radio8.live\/index.php?rest_route=\/wp\/v2\/media\/7007"}],"wp:attachment":[{"href":"https:\/\/radio8.live\/index.php?rest_route=%2Fwp%2Fv2%2Fmedia&parent=2176"}],"curies":[{"name":"wp","href":"https:\/\/api.w.org\/{rel}","templated":true}]}}

<p>Mi chiamo Stefano Landi, lavoro nel campo del design e dell&#8217;architettura, ma ahime hanno ridotto quest&#8217;ultima a pagine di modulistica e contabilità, amo tutte le forme d&#8217;arte e tra queste la musica, nel senso più amplio delle cose, non mi focalizzo mai in eccessive specializzazioni perchè ci trovo il fare metodico della roboticità delle cose che abbinato alla routine per me può diventare una terribile arma.</p>
<h1>La musica è libertà di pensiero e parola</h1>
